(-19)?
-3
Let p(m) = m**3 - 6*m**2 - 4*m + 17. What is p(6)?
-7
Let g(n) = -n**2 + 26*n - 73. Give g(23).
-4
Let m(z) = 13*z**3 - 69*z**2 - 49*z + 10. Determine m(6).
40
Let q(c) = 3*c**2 + 180*c - 6053. What is q(-84)?
-5
Let h(n) = n**3 - 3*n**2 - 16*n + 34. Determine h(2).
-2
Let x(y) = 1697*y - 10170. Calculate x(6).
12
Let o(h) = -h**3 - 25*h**2 + 35*h + 167. Determine o(-27).
680
Let i(a) = 49*a**2 - 31*a + 57. Calculate i(2).
191
Let n(l) = -25*l**2 - 5077*l - 386. What is n(-203)?
20
Let r(g) = -600*g - 10. Give r(0).
-10
Let j(a) = -a**3 - 69*a**2 - 117*a + 1141. Calculate j(-67).
2
Let o(c) = -11*c + 84. What is o(-25)?
359
Let g(u) = 2*u**2 - 3*u - 100. Determine g(-5).
-35
Let l(n) = 3*n + 98. What is l(-18)?
44
Let b(o) = 25*o - 1816. What is b(79)?
159
Let b(v) = v + 21. What is b(-14)?
7
Let t(b) = -2*b**2 - 29*b + 676. Calculate t(12).
40
Let p(m) = m**3 - 107*m**2 + 119*m - 1387. Give p(106).
-9
Let t(m) = 5*m**3 + 133*m**2 - 56*m - 60. Determine t(-27).
-6
Let t(g) = -g**3 + 93*g**2 + 287*g + 95. Determine t(96).
-1
Let h(u) = -38*u**2 - 227*u - 13. What is h(-5)?
172
Let q(f) = f**3 + 59*f**2 - 319*f + 34. Give q(5).
39
Let f(i) = -37*i**2 + 22*i - 68. What is f(3)?
-335
Let c(j) = 461*j + 29974. Determine c(-65).
9
Let h(p) = p**2 - 45*p + 482. Calculate h(27).
-4
Let c(p) = p**2 + 25*p - 258. What is c(7)?
-34
Let p(h) = -5810*h + 52284. Give p(9).
-6
Let j(w) = -w**2 + 84*w - 1409. Calculate j(61).
-6
Let q(i) = i**2 + 74*i - 20. Determine q(-22).
-1164
Let d(l) = 52*l - 2291. Calculate d(44).
-3
Let k(s) = 8*s - 109. Determine k(6).
-61
Let c(g) = -1228*g + 84741. What is c(69)?
9
Let t(b) = -83*b**2 + 13*b - 13. Determine t(1).
-83
Let g(r) = -r**2 + 51*r - 520. What is g(25)?
130
Let u(m) = 117*m**2 - 467*m - 6. What is u(4)?
-2
Let i(r) = 2649*r + 15877. Calculate i(-6).
-17
Let x(y) = -7*y**3 + 7*y**2 - 8*y + 3. Give x(1).
-5
Let a(n) = 3*n**3 + 3*n**2 - 14*n + 7. Determine a(-5).
-223
Let g(l) = -208*l + 1886. Give g(9).
14
Let t(i) = -2*i**3 - 98*i**2 - i - 62. Determine t(-49).
-13
Let b(a) = 1261*a - 25252. Give b(20).
-32
Let u(o) = 10*o - 111. Determine u(20).
89
Let t(y) = -288*y - 4991. Calculate t(-17).
-95
Let c(t) = -6*t**2 + 22*t + 259. Calculate c(8).
51
Let i(p) = p**3 + 13*p**2 - 26*p + 76. Determine i(-15).
16
Let w(h) = 64*h - 7362. What is w(115)?
-2
Let a(c) = -738*c - 71576. Calculate a(-97).
10
Let w(i) = -8*i**2 - 144*i - 4. Calculate w(-18).
-4
Let f(r) = r**3 - 4*r**2 - 49*r + 107. Give f(2).
1
Let b(i) = -i**2 - 7*i + 8. What is b(-12)?
-52
Let d(a) = a**2 - 30*a + 163. Calculate d(14).
-61
Let y(d) = -287*d + 123. Calculate y(4).
-1025
Let a(c) = 3942*c - 7875. Determine a(2).
9
Let n(w) = -w**3 + 18*w**2 + 236*w + 430. Determine n(-7).
3
Let m(n) = -n**2 + 275*n - 1874. Give m(268).
2
Let m(z) = -z**3 - 221*z**2 - 6356*z + 65. Give m(-34).
-3
Let b(y) = -2*y**3 - 16*y**2 + 60*y + 372. Determine b(-9).
-6
Let q(m) = -1110*m - 8905. What is q(-8)?
-25
Let s(r) = -229*r + 716. Calculate s(5).
-429
Let u(g) = -122*g**2 + 5*g - 3. Calculate u(1).
-120
Let a(z) = z**3 + 14*z**2 - 1178*z - 82. What is a(-42)?
2
Let o(g) = g**2 - 2*g + 16. Give o(-3).
31
Let p(l) = 32*l + 803. Determine p(-23).
67
Let f(v) = 480*v - 2878. What is f(6)?
2
Let c(a) = 7*a**3 + 122*a**2 - 80*a - 66. Calculate c(-18).
78
Let p(j) = -j**2 + 12*j - 38. What is p(6)?
-2
Let a(y) = 54*y - 757. What is a(10)?
-217
Let y(q) = -1506*q - 61743. Determine y(-41).
3
Let o(j) = 2*j**3 + 75*j**2 + 35*j - 194. Calculate o(-37).
-120
Let r(h) = -11*h**3 - 31*h**2 + 29*h + 79. Determine r(-3).
10
Let o(a) = -26*a**2 - 72*a + 384. Give o(6).
-984
Let p(o) = o**2 - 1494*o + 45348. What is p(31)?
-5
Let z(n) = -n**3 - 43*n**2 - 20*n - 2825. Calculate z(-44).
-9
Let b(t) = 14*t**2 - 783*t + 738. What is b(55)?
23
Let v(q) = -q**3 + 34*q**2 - 31*q - 32. Give v(33).
34
Let n(t) = -t**3 + 142*t**2 + 2523*t - 45. Give n(-16).
35
Let s(n) = 217*n**3 - 3*n**2 - 22*n - 20. Calculate s(-1).
-218
Let w(a) = 23*a**3 - 3*a**2 + 13*a - 14. Give w(1).
19
Let u(m) = -323*m + 1547. Give u(5).
-68
Let d(l) = 46*l**2 - 690*l - 7. Calculate d(15).
-7
Let x(j) = 59*j - 308. What is x(6)?
46
Let i(r) = -6*r**2 - 62*r + 118. What is i(-12)?
-2
Let g(c) = -325*c + 2920. What is g(9)?
-5
Let y(k) = -10*k - 50. Calculate y(2).
-70
Let h(b) = 7*b + 100. Calculate h(-11).
23
Let y(p) = p**2 + 131*p + 3487. Give y(-40).
-153
Let w(m) = -15*m**3 - 8*m**2 + 32*m - 33. What is w(2)?
-121
Let h(a) = -a**3 + 16*a**2 + 33*a + 51. Calculate h(18).
-3
Let h(y) = -119*y + 2907. Calculate h(26).
-187
Let t(k) = 135*k - 3920. Give t(29).
-5
Let z(o) = o**3 - 8*o**2 + 10*o - 70. Determine z(7).
-49
Let c(j) = -6*j**2 - 35*j + 1097. Give c(11).
-14
Let i(m) = -46*m - 410. Give i(-9).
4
Let m(s) = 3*s**3 - 13*s**2 + 13*s - 41. Give m(4).
-5
Let w(n) = -598*n + 2453. Calculate w(4).
61
Let k(h) = -2*h**3 - 31*h**2 + 17*h + 14. What is k(-16)?
-2
Let t(f) = -f**2 + 19*f + 104. Determine t(-6).
-46
Let u(k) = 3*k**2 + 44*k - 241. What is u(-19)?
6
Let d(o) = -285*o + 1418. Determine d(5).
-7
Let b(k) = -165*k - 9742. What is b(-59)?
-7
Let a(o) = -2*o**2 - 64*o - 212. Calculate a(-27).
58
Let r(d) = -16*d - 21. Give r(-16).
235
Let h(q) = 34*q + 14. What is h(0)?
14
Let m(r) = r**2 - 28*r + 22. Determine m(15).
-173
Let v(a) = a**3 + 41*a**2 - 345*a + 26. Calculate v(7).
-37
Let k(c) = -46*c - 342. Give k(-8).
26
Let b(d) = -8*d**2 - 1185*d - 1185. What is b(-1)?
-8
Let o(b) = b**2 + 27*b - 563. Calculate o(-33).
-365
Let k(u) = -1575*u - 89794. Determine k(-57).
-19
Let r(i) = -381*i**2 + 3431*i - 19. Give r(9).
-1
Let y(i) = i + 20. Give y(-39).
-19
Let a(c) = c**3 - 15*c**2 - 4*c + 44. Calculate a(15).
-16
Let r(i) = 328*i + 21980. Determine r(-67).
4
Let o(b) = b**3 + 11*b**2 + 8*b - 42. Give o(-10).
-22
Let f(u) = 1077*u - 6325. Calculate f(6).
137
Let b(r) = r**3 - 60*r**2 - 2*r - 136. Determine b(60).
-256
Let y(k) = 10*k**2 + 145*k + 68. What is y(-14)?
-2
Let w(m) = -206*m**3 + 3*m**2 - 6*m + 5. Calculate w(1).
-204
Let k(q) = 2*q**2 + 90*q - 383. What is k(4)?
9
Let f(c) = 40*c + 1308. Give f(-33).
-12
Let p(k) = 16*k**2 - 78*k + 71. Calculate p(4).
15
Let r(h) = -60*h + 85. Give r(-3).
265
Let j(c) = -11*c**2 - 146*c - 124. Calculate j(-12).
44
Let n(j) = j**3 + 9*j**2 + 13*j + 15. What is n(-10)?
-215
Let f(h) = 3*h**2 + 44*h - 414. Determine f(0).
-414
Let p(x) = -x**3 + 34*x**2 - 85*x + 464. Determine p(32).
-208
Let m(d) = -1661*d + 6658. Determine m(4).
14
Let m(y) = 8*y**2 - 3*y - 38. Give m(-2).
0
Let p(b) = -25*b**2 - 1. Give p(-2).
-101
Let t(n) = 9*n - 411. Calculate t(53).
66
Let k(u) = -u + 43. Determine k(52).
-9
Let p(q) = -20*q**2 + 105*q - 11. Give p(6).
-101
Let d(o) = 2*o**2 + 3*o - 13. Give d(-4).
7
Let k(l) = 105*l - 6396. Calculate k(61).
9
Let t(i) = -2*i**3 - i**2 + 8*i - 7. Calculate t(-3).
14
Let r(g) = -442*g + 3527. Give r(8).
-9
Let r(a) = -a**3 + 83*a**2 + 175*a - 422. Give r(85).
3
Let k(z) = -z**2 + 10*z + 281. Determine k(-14).
-55
Let j(v) = 98*v - 458. Give j(5).
32
Let o(s) = -202*s - 10. Calculate o(0).
-10
Let z(l) = -l**2 - 2*l - 49. Determine z(-6).
-73
Let h(s) = -s**2 - 435*s - 1724. Determine h(-4).
0
Let a(v) = -69*v**3 - 3*v**2 + 3*v. Calculate a(1).
-69
Let s(z) = z**3 + 78*z**2 + 503*z + 16. What is s(-7)?
-26
Let t(y) = 27*y**2 - 8*y + 57. What is t(5)?
692
Let n(o) = -7*o - 89. Determine n(-5).
-54
Let z(g) = g**2 - 182*g + 1668. Determine z(10).
-52
Let m(j) = 12*j**2 - 72*j + 62. What is m(5)?
2
Let q(c) = -c**3 + 18*c**2 - 22*c - 14. Determine q(17).
-99
Let x(c) = -127*c - 386. What is x(-3)?
-5
Let s(r) = r**3 + 12*r**2 + 30*r - 8. What is s(-6)?
28
Let i(b) = -183*b - 8367. Calculate i(-46).
51
Let o(f) = 48*f + 329. Give o(-2).
233
Let l(k) = -162*k - 691. Give l(-4).
-43
Let d(p) = 257*p + 32120. What is d(-125)?
-5
Let g(m) = -2*m**3 - 37*m**2 + 17*m - 89. Determine g(-19).
-51
Let p(i) = i**2 + 7*i - 16. Determine p(-5).
-26
Let a(u) = -68*u + 1220. Calculate a(18).
-4
Let n(m) = -20618*m - 226802. Give n(-11).
-4
Let f(t) = 4*t**2 + 97*t - 1197. Give f(9).
0
Let j(x) = -5*x**3 - 5*x**2 + 5*x + 10. What is j(-2)?
20
Let s(i) = -374*i + 8626. Give s(23).
24
Let k(o) = -3*o**2 + 29*o + 157. Determine k(-4).
-7
